ed by 33?
31
Let d = 11 + -10. Suppose -2*z - 2*i = 3*z - 377, 0 = i - d. Suppose 4*l + z = 5*l. What is the remainder when l is divided by 19?
18
Let z = 411 - 361. What is the remainder when z is divided by 24?
2
Let u(i) = 2*i - 2*i**3 + 3 + 2*i**3 + 57*i**2 + i**3 - 63*i**2. Let g be u(6). What is the remainder when 28 is divided by (g/(-12))/((-3)/36)?
13
Let s = -61 - -97. Calculate the remainder when s is divided by (-2*3/24)/((-6)/(408 + 0)).
2
Let a = 135 - 65. What is the remainder when a is divided by 39?
31
Let s be (-4)/(-8)*(1 + 3). Suppose -2*n + l = -27, -s*n - 2*l = 3*l - 57. Calculate the remainder when 23 is divided by n.
7
What is the remainder when 147/42*((5 - -28) + -3) is divided by 36?
33
Let v(n) = n**3 + 9*n**2 + 5*n + 8. Let k be v(-8). Suppose 4*m = k + 44. What is the remainder when 56 is divided by m?
18
Let j(u) = 18*u**2 + 4*u + 9. Calculate the remainder when 1676 is divided by j(-1).
20
Let b(s) = 4*s**2 + 5*s - 7. Let z(t) = -2*t - 4. Let i be z(-3). Calculate the remainder when 55 is divided by b(i).
17
Let w(b) = -110*b - 330. What is the remainder when w(-4) is divided by 37?
36
Let j = 17 + 198. Let d = j + -154. What is the remainder when d is divided by 15 + 4 + 6/(-2)?
13
Let l be 4/(-3) + 20/6. Suppose -l*h + i + 1 = -9, 0 = -5*h - 3*i + 25. What is the remainder when 8 is divided by h?
3
Suppose -102 = -6*p - 0*p. Let o = 24 - p. Calculate the remainder when o is divided by 4.
3
Let g(p) = 2*p**3 + 13*p**2 - 7*p + 7. Calculate the remainder when 13 is divided by g(-7).
6
Suppose 0 = -2*t + 468 + 70. Calculate the remainder when t is divided by 18.
17
Let t(s) be the third derivative of -11*s**6/40 + s**5/60 + s**4/24 - 4*s**2. Let l be t(-1). Let r = -31 + l. What is the remainder when r is divided by 2?
0
Let l(h) = -155*h**3 - h - 1. Let v be l(-1). Let x = -222 + v. Let t = 94 + x. Calculate the remainder when 52 is divided by t.
25
Let y = 52 - 36. Let m(x) = -x**2 + 22*x - 24. What is the remainder when m(17) is divided by y?
13
Let l(t) = -t**3 - 6*t**2 + 10*t + 10. Let p be (-4)/(-24) + (-98)/12. Let b = 48 - 28. What is the remainder when l(p) is divided by b?
18
Suppose k = 0, -4*u + 5*u = -5*k + 70. Suppose 2*v - 5*b = -1 - 9, -4*v + 2*b = 36. Let f = 28 + v. Calculate the remainder when u is divided by f.
16
Suppose -5 = -5*m, 135 = -2*n + m + 236. Calculate the remainder when 454 is divided by n.
46
Suppose 0 = 3*n + 13*n - 32. Suppose n*z - 4*d - 35 = 43, 4*z - 128 = d. What is the remainder when 86 is divided by z?
24
What is the remainder when 115/2*(-84)/(-105) is divided by 25?
21
Let f = -6 + 10. Suppose f*v - 5*v = -13. What is the remainder when 77 is divided by v?
12
Let x(t) = -t**3 + 2*t**2 + 7*t - 8. Let i be (-3 - -2)*15/(-3). Let c be x(i). What is the remainder when 35 is divided by (c/32)/((-1)/6)?
8
Suppose 364 - 424 = -5*l. Calculate the remainder when 17 is divided by l.
5
Suppose 0*x = -4*x + 20. Suppose 5 = 2*v - x. Let c = v - 2. Calculate the remainder when 5 is divided by c.
2
Suppose 0 = -2*m - 2, 2*s + 0*m + 1335 = -3*m. Let p = s + 420. What is the remainder when (26/39)/((-2)/p) is divided by 21?
19
Suppose -3*z + 0*z = 3. Calculate the remainder when (-43)/3*3/z is divided by ((-11)/(-5))/((-7)/(-35)).
10
Suppose 3*d - 48 = -3*c, -c - d + 22 = 3*d. What is the remainder when 89 is divided by c?
5
Suppose -4*c = 7*c + 143. Let d = 23 + c. Calculate the remainder when 38 is divided by d.
8
Calculate the remainder when (-2)/(-4) + (-6225)/(-10) + -6 is divided by 10.
7
Let c be (-2)/11 + 1568/(-88). Let f = -16 - c. Suppose -2*o - f*o = -36. What is the remainder when o is divided by 3?
0
Let n = 28 + -2432. Let c be n/(-10) - 2/5. Suppose 5*i - c = -0*i. What is the remainder when i is divided by 17?
14
What is the remainder when (454/(-4))/((-19)/38) is divided by 11?
7
Let r(m) = -5*m + 1. Let l be r(12). Let t = -42 - l. Calculate the remainder when 46 is divided by t.
12
Suppose 4*g - 31*v - 136 = -27*v, 4*g - 121 = -v. What is the remainder when g is divided by 5?
1
Let v(r) = r + 10. Let j(c) = -c**2 - 6*c + 4. Let s be j(-6). Suppose o - s*y - y = 2, 6 = 3*o - 2*y. Calculate the remainder when v(-7) is divided by o.
1
Suppose -z + 62 + 13 = -4*w, -4*z + w = -330. Calculate the remainder when z is divided by 43.
40
Suppose 0 = 4*i - 16*i. Suppose i = 4*o - 5*k - 147, 49 + 77 = 4*o + 2*k. Calculate the remainder when 96 is divided by o.
30
Suppose -4 = -p + 2*p, -4*p - 1396 = -5*v. What is the remainder when v is divided by 31?
28
Suppose 12 = 2*b - 3*m - 0*m, 2*b + 5*m - 12 = 0. Suppose 2*c - 30 = -3*c. What is the remainder when c is divided by (4/b)/(9/27)?
0
Suppose s - 6*s = 0. Let i(t) = t**2 + t + 3. Let b be i(s). Let c(l) = 2*l**3 - 3*l**2 + 4*l + 1. What is the remainder when c(b) is divided by 11?
7
Let i(u) = -17*u - 2. Suppose 4*f + 0*f = 12. Let k be i(f). Let m = -4 - k. What is the remainder when m is divided by 13?
10
What is the remainder when (-8 + (-876)/(-14))*7 is divided by 48?
46
Suppose 3*s - 46 = -4*t + 38, 3*t = -s + 63. Calculate the remainder when 157 is divided by t.
10
Suppose 22*f = -0*f + 5038. Calculate the remainder when f is divided by 23.
22
Let a(v) = -v**2 + 15*v - 8. What is the remainder when 123 is divided by a(10)?
39
Suppose 0 = 59*c - 615 + 143. What is the remainder when 150 is divided by c?
6
Let q = -25 - -40. Calculate the remainder when 1572 is divided by q.
12
Let p be (-2)/(-1) + 35/(-5). Let q be (4/p)/((-2)/95). Suppose 0*g + 2*g - f - q = 0, -g + 5*f = -28. Calculate the remainder when g is divided by 10.
8
Let u be (6/9)/((-6)/(-468)). Suppose -18*d = -14*d - u. Calculate the remainder when 34 is divided by d.
8
Suppose -8*v + 5 - 13 = 0. What is the remainder when 7 is divided by -5*(v/4 - (-27)/(-180))?
1
Suppose 5*z = -3*a + 7, 5*z + 5*a - 2 = 3. Suppose q + 5*b + 0 = 39, -z*b - 266 = -4*q. Calculate the remainder when q is divided by 22.
20
Suppose 9 = 6*u - 3*u. Suppose 0 = 3*f + 3*v - 51, v + 42 - 3 = u*f. What is the remainder when 41 is divided by f?
13
Suppose 3*s = -2*z + 456, 5*s - 2*z = 825 - 65. What is the remainder when s is divided by 14?
12
Suppose -f - 4*w = -5*w - 85, -4*w = -5*f + 422. Let y = f - 39. What is the remainder when y is divided by 11?
10
Suppose -b = 2*y + 44, -2*y + 4*y = -4*b - 50. Let c = y - -38. Calculate the remainder when (-1)/(2 - (-189)/(-93)) is divided by c.
14
Suppose q + 5 + 6 = 0. Let j = q - -12. Calculate the remainder when 19 is divided by 3 - (j - 9/3).
4
Suppose 0 = 3*r + 260 + 133. Let j = -99 - r. Calculate the remainder when 94 is divided by j.
30
Let m(k) = -6*k - 46. Calculate the remainder when 299 is divided by m(-8).
1
Let f be (15 + -1)/(1 - -1). Suppose 2*u - u = f. Let a = -62 + 64. What is the remainder when u is divided by a?
1
Calculate the remainder when 73 is divided by -7 + 4/(-12)*-141.
33
Suppose 0 = v - 6*v + 10. Suppose -38 = -0*d - v*d. Suppose 0 = -4*q + 4, 5*q + 25 = 4*g - g. Calculate the remainder when d is divided by g.
9
Suppose 0 = 6*l - 265 - 149. Calculate the remainder when l is divided by 9.
6
What is the remainder when 564 is divided by 0 + (-184)/(-28) - 6/(-14)?
4
Let y = 6 - 4. Let x(a) = a**2 - 7*a - 4. Let w be x(8). Suppose w*o = -y*o + 84. What is the remainder when o is divided by 8?
6
Let w = -789 + 818. Calculate the remainder when 44 is divided by w.
15
Let s = 34 + -32. What is the remainder when 48 is divided by 2/(0 + s/17)?
14
Suppose -5*c + 10*c = 70. Let a(n) = -17*n - 30. Let g be a(-4). Suppose 29 + g = 3*m - 2*h, 0 = m + h - c. Calculate the remainder when 55 is divided by m.
17
Let h = -23 - -49. Let b = 1 + 14. Calculate the remainder when h is divided by b.
11
Let r(f) = 19*f - 27. Let d be r(6). Let t = 122 - d. Calculate the remainder when t is divided by 13.
9
Let c(y) = 73*y - 141. What is the remainder when c(4) is divided by 26?
21
Suppose -a - 326 = -2*z, -5*a = -2*z + 226 + 100. Suppose 5*j - 213 = b - 3*b, 4*j + 4*b = 180. What is the remainder when z is divided by j?
40
Suppose 71 = 11*c - 105. Calculate the remainder when 44 is divided by c.
12
What is the remainder when 181800/125 + (-3)/5*-1 is divided by 54?
51
Let x = 15 + -13. Let l(k) = 7*k + 10 + 7*k - k**x - 7*k. Calcula